{"id":1144,"date":"2022-06-15T18:58:43","date_gmt":"2022-06-15T16:58:43","guid":{"rendered":"https:\/\/mv-foehren.de\/wordpress\/?page_id=1144"},"modified":"2025-04-27T18:35:12","modified_gmt":"2025-04-27T16:35:12","slug":"erwachsenen-blaeserklasse","status":"publish","type":"page","link":"https:\/\/mv-foehren.de\/wordpress\/?page_id=1144","title":{"rendered":"Erwachsenen Bl\u00e4serklasse"},"content":{"rendered":"\n<p>Neben dem breitgef\u00e4cherten Ausbildungsprogramm f\u00fcr die Kinder und Jugendlichen des Vereins und dem Hauptorchester, bieten wir mit der neugegr\u00fcndeten Erwachsenen Bl\u00e4serklasse eine weitere M\u00f6glichkeit des Musizierens an.<\/p>\n\n\n\n<p>Die Idee dahinter: Vielleicht hat man vor Jahren ein Instrument gespielt, welches nun mehr am verstauben ist, als das es gespielt wird. Oder man wollte schon immer einmal ein Instrument erlernen, konnte es jedoch aus verschiedenen Gr\u00fcnden in seinen Kinder- oder Jugendtagen nicht umsetzen und f\u00fchlte sich irgendwann &#8222;zu alt&#8220; daf\u00fcr. Manchmal hat aber auch einfach der Anschluss gefehlt, den man sich erhofft oder den man gesucht hat. <\/p>\n\n\n\n<p>Genau hier setzen wir als Musikverein an: Musik kennt keine Altersgrenzen und ist f\u00fcr jung und alt da! Also warum nicht eine Bl\u00e4serklasse schaffen, in der Erwachsene die Chance bekommen, ein Instrument zu lernen und in kleiner Gruppe das gemeinsame Musizieren zu praktizieren?<\/p>\n\n\n\n<p>Und nach dem gro\u00dfen Erfolg der Bl\u00e4serklassen 1.0 und 2.0 startet im Februar 2024 bereits die dritte Gruppe!<\/p>\n\n\n\n<p><\/p>\n\n\n<div class=\"wp-block-image\">\n<figure class=\"aligncenter size-large\"><a href=\"https:\/\/mv-foehren.de\/wordpress\/wp-content\/uploads\/2024\/02\/BK-1-Schlossakkorde-23.png\"><img fetchpriority=\"high\" decoding=\"async\" width=\"1024\" height=\"599\" src=\"https:\/\/mv-foehren.de\/wordpress\/wp-content\/uploads\/2024\/02\/BK-1-Schlossakkorde-23-1024x599.png\" alt=\"\" class=\"wp-image-1635\" srcset=\"https:\/\/mv-foehren.de\/wordpress\/wp-content\/uploads\/2024\/02\/BK-1-Schlossakkorde-23-1024x599.png 1024w, https:\/\/mv-foehren.de\/wordpress\/wp-content\/uploads\/2024\/02\/BK-1-Schlossakkorde-23-300x175.png 300w, https:\/\/mv-foehren.de\/wordpress\/wp-content\/uploads\/2024\/02\/BK-1-Schlossakkorde-23-768x449.png 768w, https:\/\/mv-foehren.de\/wordpress\/wp-content\/uploads\/2024\/02\/BK-1-Schlossakkorde-23-1536x898.png 1536w, https:\/\/mv-foehren.de\/wordpress\/wp-content\/uploads\/2024\/02\/BK-1-Schlossakkorde-23-2048x1198.png 2048w, https:\/\/mv-foehren.de\/wordpress\/wp-content\/uploads\/2024\/02\/BK-1-Schlossakkorde-23-1140x667.png 1140w\" sizes=\"(max-width: 1024px) 100vw, 1024px\" \/><\/a><figcaption class=\"wp-element-caption\">Bl\u00e4serklasse 1.0 mit Dirigent Florian Brech bei den Schlossakkorden 2023<\/figcaption><\/figure>\n<\/div>\n\n\n<p><strong>Probe<\/strong> Bl\u00e4serklasse 1.0: montags, 19:30 Uhr bis 21:00 Uhr im B\u00fcrger- und Vereinsheim<\/p>\n\n\n\n<p><strong>Musikalische Leitung:<\/strong> Florian Brech<\/p>\n\n\n<div class=\"wp-block-image\">\n<figure class=\"aligncenter size-large\"><a href=\"https:\/\/mv-foehren.de\/wordpress\/wp-content\/uploads\/2024\/02\/BK-2-Schlossakkorde-23-1.png\"><img decoding=\"async\" width=\"1024\" height=\"489\" src=\"https:\/\/mv-foehren.de\/wordpress\/wp-content\/uploads\/2024\/02\/BK-2-Schlossakkorde-23-1-1024x489.png\" alt=\"\" class=\"wp-image-1639\" srcset=\"https:\/\/mv-foehren.de\/wordpress\/wp-content\/uploads\/2024\/02\/BK-2-Schlossakkorde-23-1-1024x489.png 1024w, https:\/\/mv-foehren.de\/wordpress\/wp-content\/uploads\/2024\/02\/BK-2-Schlossakkorde-23-1-300x143.png 300w, https:\/\/mv-foehren.de\/wordpress\/wp-content\/uploads\/2024\/02\/BK-2-Schlossakkorde-23-1-768x367.png 768w, https:\/\/mv-foehren.de\/wordpress\/wp-content\/uploads\/2024\/02\/BK-2-Schlossakkorde-23-1-1536x734.png 1536w, https:\/\/mv-foehren.de\/wordpress\/wp-content\/uploads\/2024\/02\/BK-2-Schlossakkorde-23-1-2048x978.png 2048w, https:\/\/mv-foehren.de\/wordpress\/wp-content\/uploads\/2024\/02\/BK-2-Schlossakkorde-23-1-1140x545.png 1140w\" sizes=\"(max-width: 1024px) 100vw, 1024px\" \/><\/a><figcaption class=\"wp-element-caption\">Bl\u00e4serklasse 2.0 mit Dirigentin Daniela Konz bei den Schlossakkorden 2023<\/figcaption><\/figure>\n<\/div>\n\n\n<p><strong>Probe<\/strong> Bl\u00e4serklasse 2.0: mittwochs, 19:30 Uhr bis 21:00 Uhr im B\u00fcrger- und Vereinsheim<\/p>\n\n\n\n<p><strong>Musikalische Leitung:<\/strong> Daniela Konz<\/p>\n\n\n\n<p><\/p>\n\n\n<div class=\"wp-block-image\">\n<figure class=\"aligncenter size-large\"><a href=\"https:\/\/mv-foehren.de\/wordpress\/wp-content\/uploads\/2024\/08\/Schlossakkorde-24-1-scaled.jpeg\"><img decoding=\"async\" width=\"1024\" height=\"683\" src=\"https:\/\/mv-foehren.de\/wordpress\/wp-content\/uploads\/2024\/08\/Schlossakkorde-24-1-1024x683.jpeg\" alt=\"\" class=\"wp-image-1778\" srcset=\"https:\/\/mv-foehren.de\/wordpress\/wp-content\/uploads\/2024\/08\/Schlossakkorde-24-1-1024x683.jpeg 1024w, https:\/\/mv-foehren.de\/wordpress\/wp-content\/uploads\/2024\/08\/Schlossakkorde-24-1-300x200.jpeg 300w, https:\/\/mv-foehren.de\/wordpress\/wp-content\/uploads\/2024\/08\/Schlossakkorde-24-1-768x512.jpeg 768w, https:\/\/mv-foehren.de\/wordpress\/wp-content\/uploads\/2024\/08\/Schlossakkorde-24-1-1536x1024.jpeg 1536w, https:\/\/mv-foehren.de\/wordpress\/wp-content\/uploads\/2024\/08\/Schlossakkorde-24-1-2048x1365.jpeg 2048w, https:\/\/mv-foehren.de\/wordpress\/wp-content\/uploads\/2024\/08\/Schlossakkorde-24-1-1140x760.jpeg 1140w\" sizes=\"(max-width: 1024px) 100vw, 1024px\" \/><\/a><figcaption class=\"wp-element-caption\">Bl\u00e4serklasse 3.0 bei den Schlossakkorden 2024<\/figcaption><\/figure>\n<\/div>\n\n\n<p><strong>Probe<\/strong> Bl\u00e4serklasse 3.0: montags von 19.30-21.00 Uhr<\/p>\n\n\n\n<p><strong>Musikalische Leitung:<\/strong> Florian Brech<\/p>\n\n\n\n<p><\/p>\n\n\n\n<p><strong>Probe<\/strong> Bl\u00e4serklasse 4.0: <\/p>\n\n\n\n<p><strong>Musikalische Leitung:<\/strong> <\/p>\n","protected":false},"excerpt":{"rendered":"<p>Neben dem breitgef\u00e4cherten Ausbildungsprogramm f\u00fcr die Kinder und Jugendlichen des Vereins und dem Hauptorchester, bieten wir mit der neugegr\u00fcndeten Erwachsenen Bl\u00e4serklasse eine weitere M\u00f6glichkeit des Musizierens an. Die Idee dahinter: Vielleicht hat man vor Jahren ein Instrument gespielt, welches nun mehr am verstauben ist, als das es gespielt wird. Oder man wollte schon immer einmal ein Instrument erlernen, konnte es jedoch aus verschiedenen Gr\u00fcnden in seinen Kinder- oder Jugendtagen nicht umsetzen und f\u00fchlte sich irgendwann &#8222;zu alt&#8220; daf\u00fcr. Manchmal hat aber auch einfach der Anschluss gefehlt, den man sich erhofft oder den man gesucht hat. Genau hier setzen wir als Musikverein an: Musik kennt keine Altersgrenzen und ist f\u00fcr jung und alt da! Also warum nicht eine Bl\u00e4serklasse schaffen, in der Erwachsene die Chance bekommen, ein Instrument zu lernen und in kleiner Gruppe das gemeinsame Musizieren zu praktizieren? Und nach dem gro\u00dfen Erfolg der Bl\u00e4serklassen 1.0 und 2.0 startet im Februar 2024 bereits die dritte Gruppe! Probe Bl\u00e4serklasse 1.0: montags, 19:30 Uhr bis 21:00 Uhr im B\u00fcrger- und Vereinsheim Musikalische Leitung: Florian Brech Probe Bl\u00e4serklasse 2.0: mittwochs, 19:30 Uhr bis 21:00 Uhr im B\u00fcrger- und Vereinsheim Musikalische Leitung: Daniela Konz Probe Bl\u00e4serklasse 3.0: montags von 19.30-21.00 Uhr Musikalische Leitung: Florian Brech Probe Bl\u00e4serklasse 4.0: Musikalische Leitung:<\/p>\n","protected":false},"author":17,"featured_media":0,"parent":4,"menu_order":6,"comment_status":"closed","ping_status":"closed","template":"","meta":{"footnotes":""},"class_list":["post-1144","page","type-page","status-publish","hentry"],"_links":{"self":[{"href":"https:\/\/mv-foehren.de\/wordpress\/index.php?rest_route=\/wp\/v2\/pages\/1144","targetHints":{"allow":["GET"]}}],"collection":[{"href":"https:\/\/mv-foehren.de\/wordpress\/index.php?rest_route=\/wp\/v2\/pages"}],"about":[{"href":"https:\/\/mv-foehren.de\/wordpress\/index.php?rest_route=\/wp\/v2\/types\/page"}],"author":[{"embeddable":true,"href":"https:\/\/mv-foehren.de\/wordpress\/index.php?rest_route=\/wp\/v2\/users\/17"}],"replies":[{"embeddable":true,"href":"https:\/\/mv-foehren.de\/wordpress\/index.php?rest_route=%2Fwp%2Fv2%2Fcomments&post=1144"}],"version-history":[{"count":11,"href":"https:\/\/mv-foehren.de\/wordpress\/index.php?rest_route=\/wp\/v2\/pages\/1144\/revisions"}],"predecessor-version":[{"id":1849,"href":"https:\/\/mv-foehren.de\/wordpress\/index.php?rest_route=\/wp\/v2\/pages\/1144\/revisions\/1849"}],"up":[{"embeddable":true,"href":"https:\/\/mv-foehren.de\/wordpress\/index.php?rest_route=\/wp\/v2\/pages\/4"}],"wp:attachment":[{"href":"https:\/\/mv-foehren.de\/wordpress\/index.php?rest_route=%2Fwp%2Fv2%2Fmedia&parent=1144"}],"curies":[{"name":"wp","href":"https:\/\/api.w.org\/{rel}","templated":true}]}}