{"id":16,"date":"2014-05-14T17:11:15","date_gmt":"2014-05-14T15:11:15","guid":{"rendered":"http:\/\/mv-foehren.de\/wordpress\/?page_id=16"},"modified":"2025-06-09T04:30:08","modified_gmt":"2025-06-09T02:30:08","slug":"fusionfactory","status":"publish","type":"page","link":"https:\/\/mv-foehren.de\/wordpress\/?page_id=16","title":{"rendered":"Fusion Factory"},"content":{"rendered":"<div class=\"wp-block-image is-style-default\">\n<figure class=\"aligncenter size-large is-resized\"><a href=\"https:\/\/mv-foehren.de\/wordpress\/wp-content\/uploads\/2024\/02\/jo-schlossakkorde-23.png\"><img fetchpriority=\"high\" decoding=\"async\" width=\"1024\" height=\"560\" src=\"https:\/\/mv-foehren.de\/wordpress\/wp-content\/uploads\/2024\/02\/jo-schlossakkorde-23-1024x560.png\" alt=\"\" class=\"wp-image-1633\" style=\"width:830px;height:auto\" srcset=\"https:\/\/mv-foehren.de\/wordpress\/wp-content\/uploads\/2024\/02\/jo-schlossakkorde-23-1024x560.png 1024w, https:\/\/mv-foehren.de\/wordpress\/wp-content\/uploads\/2024\/02\/jo-schlossakkorde-23-300x164.png 300w, https:\/\/mv-foehren.de\/wordpress\/wp-content\/uploads\/2024\/02\/jo-schlossakkorde-23-768x420.png 768w, https:\/\/mv-foehren.de\/wordpress\/wp-content\/uploads\/2024\/02\/jo-schlossakkorde-23-1536x840.png 1536w, https:\/\/mv-foehren.de\/wordpress\/wp-content\/uploads\/2024\/02\/jo-schlossakkorde-23-2048x1120.png 2048w, https:\/\/mv-foehren.de\/wordpress\/wp-content\/uploads\/2024\/02\/jo-schlossakkorde-23-1140x624.png 1140w\" sizes=\"(max-width: 1024px) 100vw, 1024px\" \/><\/a><figcaption class=\"wp-element-caption\">Das damalige Jugendorchester mit seinem Dirigent Timo Mattes bei den Schlossakkorden 2023<\/figcaption><\/figure>\n<\/div>\n\n<p>Nachdem die jungen Musikerinnen und Musiker im Vororchester die ersten wichtigen Grundkenntnisse und F\u00e4higkeiten f\u00fcr das Zusammenspiel im Orchester erlangt haben, stellt das Jugendorchester den n\u00e4chsten musikalischen Entwicklungsschritt des Musikvereins dar. Die Aufnahme erfolgt in der Regel ab dem dritten Ausbildungsjahr.<\/p>\n<p>In dieser Phase des gemeinsamen Musizierens stehen zus\u00e4tzlich zum regelm\u00e4\u00dfigen Proben auch kooperative Projekte mit anderen Jugendorchester, Rockband und Chor mit auf dem Programm (z.B. unser inklusives Musikprojekt \u201eYouTh- Rock it!!!\u201c).<\/p>\n<p>Es erm\u00f6glicht den Sch\u00fclerinnen und Sch\u00fclern sich musikalisch weiterzuentwickeln, f\u00f6rdert das Gruppenmusizieren und motiviert zum Weiterlernen des Instrumentes.<\/p>\n<p>Hier wird junge und moderne Literatur von aktuellen Pop-Songs und Originalliteratur f\u00fcr Blasorchester bis zu Klassikern gespielt, die dem Orchester angepasst sind. Regelm\u00e4\u00dfige Auftritte im Kreis Trier-Saarburg geben den jungen Musikern die M\u00f6glichkeit, ihr K\u00f6nnen unter Beweis zu stellen und Erfahrungen auf der B\u00fchne zu sammeln.<\/p>\n<p><strong>Probe<\/strong>: donnerstags, 18.30 Uhr bis 19.30 Uhr im B\u00fcrger- und Vereinsheim<\/p>\n<p><strong>Musikalische Leitung:<\/strong> Robin Kr\u00e4mer<\/p>","protected":false},"excerpt":{"rendered":"<p>Nachdem die jungen Musikerinnen und Musiker im Vororchester die ersten wichtigen Grundkenntnisse und F\u00e4higkeiten f\u00fcr das Zusammenspiel im Orchester erlangt haben, stellt das Jugendorchester den n\u00e4chsten musikalischen Entwicklungsschritt des Musikvereins dar. Die Aufnahme erfolgt in der Regel ab dem dritten Ausbildungsjahr. In dieser Phase des gemeinsamen Musizierens stehen zus\u00e4tzlich zum regelm\u00e4\u00dfigen Proben auch kooperative Projekte mit anderen Jugendorchester, Rockband und Chor mit auf dem Programm (z.B. unser inklusives Musikprojekt \u201eYouTh- Rock it!!!\u201c). Es erm\u00f6glicht den Sch\u00fclerinnen und Sch\u00fclern sich musikalisch weiterzuentwickeln, f\u00f6rdert das Gruppenmusizieren und motiviert zum Weiterlernen des Instrumentes. Hier wird junge und moderne Literatur von aktuellen Pop-Songs und Originalliteratur f\u00fcr Blasorchester bis zu Klassikern gespielt, die dem Orchester angepasst sind. Regelm\u00e4\u00dfige Auftritte im Kreis Trier-Saarburg geben den jungen Musikern die M\u00f6glichkeit, ihr K\u00f6nnen unter Beweis zu stellen und Erfahrungen auf der B\u00fchne zu sammeln. Probe: donnerstags, 18.30 Uhr bis 19.30 Uhr im B\u00fcrger- und Vereinsheim Musikalische Leitung: Robin Kr\u00e4mer<\/p>\n","protected":false},"author":17,"featured_media":0,"parent":4,"menu_order":3,"comment_status":"closed","ping_status":"closed","template":"","meta":{"footnotes":""},"class_list":["post-16","page","type-page","status-publish","hentry"],"_links":{"self":[{"href":"https:\/\/mv-foehren.de\/wordpress\/index.php?rest_route=\/wp\/v2\/pages\/16","targetHints":{"allow":["GET"]}}],"collection":[{"href":"https:\/\/mv-foehren.de\/wordpress\/index.php?rest_route=\/wp\/v2\/pages"}],"about":[{"href":"https:\/\/mv-foehren.de\/wordpress\/index.php?rest_route=\/wp\/v2\/types\/page"}],"author":[{"embeddable":true,"href":"https:\/\/mv-foehren.de\/wordpress\/index.php?rest_route=\/wp\/v2\/users\/17"}],"replies":[{"embeddable":true,"href":"https:\/\/mv-foehren.de\/wordpress\/index.php?rest_route=%2Fwp%2Fv2%2Fcomments&post=16"}],"version-history":[{"count":16,"href":"https:\/\/mv-foehren.de\/wordpress\/index.php?rest_route=\/wp\/v2\/pages\/16\/revisions"}],"predecessor-version":[{"id":1866,"href":"https:\/\/mv-foehren.de\/wordpress\/index.php?rest_route=\/wp\/v2\/pages\/16\/revisions\/1866"}],"up":[{"embeddable":true,"href":"https:\/\/mv-foehren.de\/wordpress\/index.php?rest_route=\/wp\/v2\/pages\/4"}],"wp:attachment":[{"href":"https:\/\/mv-foehren.de\/wordpress\/index.php?rest_route=%2Fwp%2Fv2%2Fmedia&parent=16"}],"curies":[{"name":"wp","href":"https:\/\/api.w.org\/{rel}","templated":true}]}}